 - 321304. Give o(-110).
6
Let r(b) = -b**3 - 51*b**2 + 6*b + 5124. Calculate r(-49).
28
Let d(b) = 81*b**2 - 60486*b - 15686. Calculate d(747).
1
Let z(x) = x**3 + 4*x**2 - 16*x - 78. Determine z(5).
67
Let y(d) = d**2 + 38*d - 740. What is y(-49)?
-201
Let s(g) = g**2 - 45*g - 2204. Calculate s(75).
46
Let b(r) = -879*r**2 + 63*r + 1. Determine b(1).
-815
Let o(z) = -813597*z - 4. Calculate o(0).
-4
Let h(g) = g**3 + 79*g**2 - 12481*g + 220. Give h(-158).
62
Let d(m) = 39*m**3 + 141*m**2 - 81*m - 74. Calculate d(-4).
10
Let k(n) = -765*n + 58149. What is k(76)?
9
Let i(c) = 65649*c + 131296. What is i(-2)?
-2
Let f(j) = -529*j + 196181. Calculate f(371).
-78
Let l(y) = y**3 - 10*y**2 + 316*y - 4024. What is l(13)?
591
Let a(p) = p**2 + 889*p + 41968. Calculate a(-839).
18
Let n(k) = 11*k**3 - 188*k**2 - 48*k + 112. Calculate n(15).
-5783
Let i(v) = -20*v**2 - 1470*v - 19596. Give i(-56).
4
Let j(r) = -r**3 + 157*r**2 + 6490*r - 129. What is j(-34)?
7
Let t(w) = -401*w**2 - 127*w - 2. Give t(-2).
-1352
Let o(x) = 1152*x + 56435. Give o(-49).
-13
Let b(c) = 3*c**3 - 1446*c**2 - 7*c + 3316. Calculate b(482).
-58
Let j(z) = 42*z**2 - 1652*z - 1441. Calculate j(40).
-321
Let d(y) = -7*y**3 + 4117*y**2 - 602*y + 8134. Determine d(588).
-98
Let i(r) = -3716*r + 1858014. Calculate i(500).
14
Let j(u) = -5*u**3 + 13*u**2 + 246*u - 90. Determine j(-6).
-18
Let v(h) = -618962*h + 22901593. Calculate v(37).
-1
Let h(r) = -2*r**3 + 11*r**2 + 42*r + 6. Determine h(12).
-1362
Let v(t) = -964*t - 351. What is v(1)?
-1315
Let s(m) = -6613*m + 198428. What is s(30)?
38
Let m(n) = 105*n**3 + 6*n**2 + 13*n - 8. Give m(-2).
-850
Let v(l) = 886*l + 42517. Determine v(-48).
-11
Let a(k) = -4*k**2 - 3476*k - 74509. What is a(-22)?
27
Let p(w) = 9*w**2 - 22*w - 373. Give p(18).
2147
Let c(q) = -q**3 + 168*q**2 + 174*q - 56957. What is c(167)?
-10
Let a(j) = -2*j**3 + 290*j**2 - 570*j + 181. Give a(143).
467
Let h(d) = -8882373*d - 8882368. Give h(-1).
5
Let h(i) = 1159*i - 249531. What is h(214)?
-1505
Let w(o) = -5*o**3 + 2580*o**2 + 23*o - 11863. Determine w(516).
5
Let q(w) = 4*w**2 + 653*w + 5984. Give q(-9).
431
Let x(l) = -130*l + 5688. Give x(34).
1268
Let o(m) = -3475*m**2 - 20823*m + 161. Calculate o(-6).
-1
Let r(f) = -f**3 - 39*f**2 + 20*f + 9192. Determine r(-29).
202
Let g(o) = 116*o - 25072. Calculate g(204).
-1408
Let l(j) = 48*j**3 + 337*j**2 - 478*j - 3359. Calculate l(-7).
36
Let y(n) = 767*n + 132690. What is y(-173)?
-1
Let i(p) = 1399*p + 18048. Determine i(-13).
-139
Let m(j) = -171*j + 709. Give m(10).
-1001
Let m(i) = -5857*i + 35068. Determine m(6).
-74
Let f(c) = c**2 + 186*c - 2432. Determine f(-197).
-265
Let o(y) = 3*y**3 - 305*y**2 - 4771*y + 1234. Determine o(-14).
16
Let t(y) = 11*y**2 - 1174*y + 2334. Give t(2).
30
Let z(p) = -4676*p - 102870. Give z(-22).
2
Let n(p) = 229*p + 5893. Calculate n(-31).
-1206
Let s(u) = -928*u - 26044. What is s(-28)?
-60
Let h(n) = -98*n**2 + 716*n + 714. Determine h(-1).
-100
Let z(h) = -30558*h - 44767485. What is z(-1465)?
-15
Let h(y) = 6*y**2 + 645*y - 97308. Calculate h(-192).
36
Let z(l) = -2829*l + 1108926. Calculate z(392).
-42
Let y(d) = -2*d**2 - 3966*d - 170636. What is y(-44)?
-4
Let l(i) = i**2 + 245*i + 8597. Calculate l(-42).
71
Let k(j) = -j**3 - 97*j**2 + 1432*j + 183. What is k(-110)?
-37
Let i(t) = 99261*t - 29281996. Determine i(295).
-1
Let i(a) = 3*a**3 - 81*a**2 + 409*a + 122. Determine i(20).
-98
Let d(x) = 52925*x - 1164338. Calculate d(22).
12
Let s(f) = -f**3 + 6397*f**2 + 76914*f + 53. Give s(-12).
-19
Let l(p) = -347*p**2 - 17*p + 38. Calculate l(-2).
-1316
Let q(b) = -b**2 + 1911*b + 165536. Determine q(-83).
34
Let s(l) = -2*l**2 + 79*l + 121351. What is s(-227)?
360
Let j(m) = 3*m**3 - 248*m**2 - 49*m + 6. Give j(0).
6
Let u(d) = -3086*d - 70323. Determine u(-24).
3741
Let y(n) = 4625*n - 69518. Calculate y(15).
-143
Let s(l) = -l**2 + 146*l + 1855. Calculate s(-12).
-41
Let k(x) = -37*x**2 - 7908*x - 36572. Determine k(-209).
3
Let g(k) = -2*k**2 + 108*k + 1921. What is g(-25)?
-2029
Let k(y) = 6*y**3 - 60*y**2 + 250*y + 20. Determine k(4).
444
Let x(u) = u**3 + 112*u**2 + 122*u - 10776. What is x(-110)?
4
Let o(z) = 34*z**2 + 602*z + 1173. Calculate o(-7).
-1375
Let v(j) = -9373*j + 9375. Determine v(1).
2
Let y(n) = -n**2 - 236*n + 154997. Determine y(293).
0
Let x(g) = -3*g**3 + 724*g**2 - 9749*g - 2718. Determine x(227).
6
Let m(l) = l**2 + 71014*l - 163. Give m(0).
-163
Let k(q) = 24*q**2 + 5499*q - 209. Determine k(-229).
-896
Let v(b) = 3*b**3 + 15*b**2 - 22*b - 134. Determine v(-4).
2
Let u(h) = -4*h**3 - 429*h**2 - 533*h - 409. Give u(-106).
-91
Let x(d) = -5*d**3 + 56*d**2 + 48*d - 77. What is x(12)?
-77
Let g(y) = -y**3 - 8*y**2 + 11*y - 52. Determine g(-8).
-140
Let x(k) = -2*k**3 + 122*k**2 + 1091*k - 37135. What is x(65)?
-20
Let w(r) = -35*r**2 - 61*r - 161. What is w(-6)?
-1055
Let o(y) = 12*y**2 - 60657*y + 363606. What is o(6)?
96
Let l(h) = -h**3 - 82*h**2 + 1025*h - 2695. Calculate l(7).
119
Let u(x) = 10*x**3 - 3*x**2 + 163*x + 484. Give u(-3).
-302
Let s(f) = f**2 + 83*f - 7557. What is s(57)?
423
Let s(j) = -j**3 + 21*j**2 - 24*j + 712. Give s(21).
208
Let s(l) = -l**2 - 1477*l + 59706. Determine s(39).
582
Let y(p) = -p**3 - 106*p**2 - 1841*p + 62. Calculate y(-84).
-526
Let o(u) = 5*u**3 - 1266*u**2 - 1002*u - 3558. Calculate o(254).
-2
Let b(v) = -74448*v + 223347. Determine b(3).
3
Let i(w) = -5*w**3 - 585*w**2 + 6*w + 718. Calculate i(-117).
16
Let b(q) = -381*q**2 - 7632*q - 229. Calculate b(-20).
11
Let t(q) = 4*q**2 + 1533*q - 9160. Give t(6).
182
Let g(y) = -400*y + 14441. Give g(35).
441
Let s(r) = -1017*r**2 + 5783*r + 1914. Give s(6).
0
Let h(m) = 2*m**2 + 84*m - 48187. Determine h(-177).
-397
Let z(k) = -8792657*k + 61548595. Calculate z(7).
-4
Let a(w) = 285*w - 79809. What is a(285)?
1416
Let x(w) = w**3 + 74*w**2 + 1282*w - 487. Calculate x(-45).
548
Let c(r) = -r**3 - 136*r**2 - 1919*r + 110. Determine c(-120).
-10
Let y(p) = -p**3 + 116*p**2 + 545*p - 5832. Calculate y(120).
1968
Let x(o) = 6*o**3 - 344*o**2 + 1081*o - 67. Give x(54).
-13
Let u(r) = 2*r**3 - 27*r**2 - 58*r + 1431. Determine u(18).
3303
Let n(x) = 99*x**2 + 17731*x + 19399. Determine n(-178).
-3
Let a(m) = -898*m + 223530. Give a(248).
826
Let g(t) = -43846*t + 394614. What is g(9)?
0
Let b(u) = -u**3 + 13*u**2 - 7*u + 478. Give b(0).
478
Let a(q) = -104*q - 79976. Determine a(-769).
0
Let c(j) = -8*j**3 + 102*j**2 - 534*j + 97. What is c(5)?
-1023
Let s(j) = 67*j**2 + 4036*j + 60478. Determine s(-28).
-2
Let u(j) = -2381*j - 11888. Give u(-5).
17
Let o(k) = 16569*k - 430793. What is o(26)?
1
Let n(o) = o**3 - 197*o**2 + 1905*o - 1927. Give n(9).
-10
Let c(l) = -47*l**2 + 575*l - 1728. Determine c(3).
-426
Let b(r) = 3*r**3 + 858*r**2 + 4208*r - 2073. What is b(-281)?
-106
Let c(u) = 3*u**3 + 193*u**2 + 428*u - 368. Give c(-62).
4
Let s(a) = -a**3 - 9*a**2 - 23522*a - 235366. Calculate s(-10).
-46
Let k(n) = 367*n - 9179. Give k(30).
1831
Let l(s) = -876325*s + 4381622. Give l(5).
-3
Let u(w) = -w**2 - 10388*w + 62374. Give u(6).
10
Let m(j) = -j**3 - 61*j**2 - 499*j - 66332. Determine m(-68).
-32
Let y(a) = -302*a**2 + 36*a - 17. Give y(2).
-1153
Let b(k) = k**3 + 67*k**2 + 976*k - 674. Give b(-24).
670
Let t(q) = 4*q**3 - 58*q**2 + 161*q + 44. What is t(9)?
-289
Let p(z) = -31*z**2 + 10219*z - 51159. Calculate p(5).
-839
Let p(d) = 226*d**3 + 10*d**2 - 182*d - 190. Calculate p(-1).
-224
Let u(v) = -5788*v + 5775. Determine u(1).
-13
Let l(v) = -v**2 - 3985*v + 15960. Calculate l(4).
4
Let q(w) = w**2 + 13714*w + 492361. Calculate q(-36).
-47
Let d(r) = 576*r**2 - 9796*r + 91. Calculate d(17).
23
Let y(g) = g**3 - 521*g**2 - 2149*g + 25722. Give y(525).
-3
Let j(h) = 19*h**2 + 467*h + 184. Give j(-24).
-80
Let f(t) = -t**2 - 414*t + 53868. Give f(-518).
-4
Let v(y) = -y**3 + 67*y**2 + 29*y - 1597. What is v(67)?
346
Let t(h) = 2419*h**2 - 97*h + 18. Give t(1).
2340
Let d(l) = 5*l**2 + 630*l - 1936. Give d(3).
-1
Let c(p) = -83*p**2 - 7294*p + 876. Give c(-88).
-4
Let g(h) = h**2 + 326*h + 23363. Give g(-220).
43
Let c(y) = -38341*y - 690137. What is c(-18)?
1
Let j(v) = -2*v**2 - 1859*v - 59844. Determine j(-33).
-675
Let s(d) = 2*d**3 - 7*d**2 - 369*d + 10